{"id":27648,"date":"2024-02-21T14:33:21","date_gmt":"2024-02-21T19:33:21","guid":{"rendered":"https:\/\/teleprismapromocionales.com\/?post_type=product&#038;p=27648"},"modified":"2024-02-21T14:33:22","modified_gmt":"2024-02-21T19:33:22","slug":"altavoz-bluetooth-aqua","status":"publish","type":"product","link":"https:\/\/teleprismapromocionales.com.co\/?product=altavoz-bluetooth-aqua","title":{"rendered":"Altavoz Bluetooth Aqua"},"content":{"rendered":"<p>Altavoz Bluetooth V3,0 + EDR, Frecuencia de transmisi\u00f3n: 2.4 g hz, fuente de alimentaci\u00f3n: DC 5V 100-120ma, bater\u00eda: 3.7v 400mAh de litio, tiempo de carga: aprox.3 horas, Tiempo de funcionamiento: aprox.6 horas. respuesta de frecuencia: 100 Hz-20kHz, salida: 3W, rango: hasta 10 mt. distorsi\u00f3n: \\u003c1.0%. Incluye cable de carga y chupa de succi\u00f3n. Resistente al agua grado IPX4.<br \/>\nMATERIAL:\u00a0ABS + Silicona.<br \/>\nMEDIDAS:\u00a08 x 5,5 cm.<br \/>\n\u00c1REA DE IMPRESI\u00d3N APROXIMADA:\u00a02 x 0,5 cm.<\/p>\n","protected":false},"excerpt":{"rendered":"<p>Altavoz Bluetooth V3,0 + EDR, Frecuencia de transmisi\u00f3n: 2.4 g hz, fuente de alimentaci\u00f3n: DC 5V 100-120ma, bater\u00eda: 3.7v 400mAh de litio, tiempo de carga: aprox.3 horas, Tiempo de funcionamiento: aprox.6 horas. respuesta de frecuencia: 100 Hz-20kHz, salida: 3W, rango: hasta 10 mt. distorsi\u00f3n: \\u003c1.0%. Incluye cable de carga y chupa de succi\u00f3n. Resistente al [&hellip;]<\/p>\n","protected":false},"featured_media":27650,"comment_status":"open","ping_status":"closed","template":"","meta":[],"product_brand":[],"product_cat":[138],"product_tag":[],"class_list":{"0":"post-27648","1":"product","2":"type-product","3":"status-publish","4":"has-post-thumbnail","6":"product_cat-altavoz","8":"first","9":"instock","10":"shipping-taxable","11":"product-type-simple"},"yoast_head":"<!-- This site is optimized with the Yoast SEO plugin v25.7 - https:\/\/yoast.com\/wordpress\/plugins\/seo\/ -->\n<title>Altavoz Bluetooth Aqua - ArtIculos Promocionales, Merchandising y Regalos Empresariales<\/title>\n<meta name=\"robots\" content=\"index, follow, max-snippet:-1, max-image-preview:large, max-video-preview:-1\" \/>\n<link rel=\"canonical\" href=\"https:\/\/teleprismapromocionales.com.co\/?product=altavoz-bluetooth-aqua\" \/>\n<meta property=\"og:locale\" content=\"es_ES\" \/>\n<meta property=\"og:type\" content=\"article\" \/>\n<meta property=\"og:title\" content=\"Altavoz Bluetooth Aqua - ArtIculos Promocionales, Merchandising y Regalos Empresariales\" \/>\n<meta property=\"og:description\" content=\"Altavoz Bluetooth V3,0 + EDR, Frecuencia de transmisi\u00f3n: 2.4 g hz, fuente de alimentaci\u00f3n: DC 5V 100-120ma, bater\u00eda: 3.7v 400mAh de litio, tiempo de carga: aprox.3 horas, Tiempo de funcionamiento: aprox.6 horas. respuesta de frecuencia: 100 Hz-20kHz, salida: 3W, rango: hasta 10 mt. distorsi\u00f3n: u003c1.0%. Incluye cable de carga y chupa de succi\u00f3n. Resistente al [&hellip;]\" \/>\n<meta property=\"og:url\" content=\"https:\/\/teleprismapromocionales.com.co\/?product=altavoz-bluetooth-aqua\" \/>\n<meta property=\"og:site_name\" content=\"ArtIculos Promocionales, Merchandising y Regalos Empresariales\" \/>\n<meta property=\"article:publisher\" content=\"https:\/\/www.facebook.com\/Teleprisma-SAS-104012264626964\/\" \/>\n<meta property=\"article:modified_time\" content=\"2024-02-21T19:33:22+00:00\" \/>\n<meta property=\"og:image\" content=\"https:\/\/teleprismapromocionales.com.co\/wp-content\/uploads\/2024\/02\/TE0367_3031531_39807-thumbnail-660x470-80.jpg\" \/>\n\t<meta property=\"og:image:width\" content=\"660\" \/>\n\t<meta property=\"og:image:height\" content=\"470\" \/>\n\t<meta property=\"og:image:type\" content=\"image\/jpeg\" \/>\n<meta name=\"twitter:card\" content=\"summary_large_image\" \/>\n<meta name=\"twitter:label1\" content=\"Tiempo de lectura\" \/>\n\t<meta name=\"twitter:data1\" content=\"1 minuto\" \/>\n<script type=\"application\/ld+json\" class=\"yoast-schema-graph\">{\"@context\":\"https:\/\/schema.org\",\"@graph\":[{\"@type\":\"WebPage\",\"@id\":\"https:\/\/teleprismapromocionales.com.co\/?product=altavoz-bluetooth-aqua\",\"url\":\"https:\/\/teleprismapromocionales.com.co\/?product=altavoz-bluetooth-aqua\",\"name\":\"Altavoz Bluetooth Aqua - ArtIculos Promocionales, Merchandising y Regalos Empresariales\",\"isPartOf\":{\"@id\":\"https:\/\/teleprismapromocionales.com.co\/#website\"},\"primaryImageOfPage\":{\"@id\":\"https:\/\/teleprismapromocionales.com.co\/?product=altavoz-bluetooth-aqua#primaryimage\"},\"image\":{\"@id\":\"https:\/\/teleprismapromocionales.com.co\/?product=altavoz-bluetooth-aqua#primaryimage\"},\"thumbnailUrl\":\"https:\/\/teleprismapromocionales.com.co\/wp-content\/uploads\/2024\/02\/TE0367_3031531_39807-thumbnail-660x470-80.jpg\",\"datePublished\":\"2024-02-21T19:33:21+00:00\",\"dateModified\":\"2024-02-21T19:33:22+00:00\",\"breadcrumb\":{\"@id\":\"https:\/\/teleprismapromocionales.com.co\/?product=altavoz-bluetooth-aqua#breadcrumb\"},\"inLanguage\":\"es-CO\",\"potentialAction\":[{\"@type\":\"ReadAction\",\"target\":[\"https:\/\/teleprismapromocionales.com.co\/?product=altavoz-bluetooth-aqua\"]}]},{\"@type\":\"ImageObject\",\"inLanguage\":\"es-CO\",\"@id\":\"https:\/\/teleprismapromocionales.com.co\/?product=altavoz-bluetooth-aqua#primaryimage\",\"url\":\"https:\/\/teleprismapromocionales.com.co\/wp-content\/uploads\/2024\/02\/TE0367_3031531_39807-thumbnail-660x470-80.jpg\",\"contentUrl\":\"https:\/\/teleprismapromocionales.com.co\/wp-content\/uploads\/2024\/02\/TE0367_3031531_39807-thumbnail-660x470-80.jpg\",\"width\":660,\"height\":470},{\"@type\":\"BreadcrumbList\",\"@id\":\"https:\/\/teleprismapromocionales.com.co\/?product=altavoz-bluetooth-aqua#breadcrumb\",\"itemListElement\":[{\"@type\":\"ListItem\",\"position\":1,\"name\":\"Home\",\"item\":\"https:\/\/teleprismapromocionales.com.co\/\"},{\"@type\":\"ListItem\",\"position\":2,\"name\":\"Productos\",\"item\":\"https:\/\/teleprismapromocionales.com.co\/?page_id=24\"},{\"@type\":\"ListItem\",\"position\":3,\"name\":\"Altavoz Bluetooth Aqua\"}]},{\"@type\":\"WebSite\",\"@id\":\"https:\/\/teleprismapromocionales.com.co\/#website\",\"url\":\"https:\/\/teleprismapromocionales.com.co\/\",\"name\":\"ArtIculos Promocionales, Merchandising y Regalos Empresariales\",\"description\":\"Art\u00edculos Promocionales, Merchandising, ropa publicitaria, Dummies, Piezas POP, Regalos Empresariales e Impresi\u00f3n Digital y Litogr\u00e1fica\",\"publisher\":{\"@id\":\"https:\/\/teleprismapromocionales.com.co\/#organization\"},\"potentialAction\":[{\"@type\":\"SearchAction\",\"target\":{\"@type\":\"EntryPoint\",\"urlTemplate\":\"https:\/\/teleprismapromocionales.com.co\/?s={search_term_string}\"},\"query-input\":{\"@type\":\"PropertyValueSpecification\",\"valueRequired\":true,\"valueName\":\"search_term_string\"}}],\"inLanguage\":\"es-CO\"},{\"@type\":\"Organization\",\"@id\":\"https:\/\/teleprismapromocionales.com.co\/#organization\",\"name\":\"Teleprisma promocionales\",\"url\":\"https:\/\/teleprismapromocionales.com.co\/\",\"logo\":{\"@type\":\"ImageObject\",\"inLanguage\":\"es-CO\",\"@id\":\"https:\/\/teleprismapromocionales.com.co\/#\/schema\/logo\/image\/\",\"url\":\"https:\/\/teleprismapromocionales.com\/wp-content\/uploads\/2019\/12\/logo.png\",\"contentUrl\":\"https:\/\/teleprismapromocionales.com\/wp-content\/uploads\/2019\/12\/logo.png\",\"width\":202,\"height\":50,\"caption\":\"Teleprisma promocionales\"},\"image\":{\"@id\":\"https:\/\/teleprismapromocionales.com.co\/#\/schema\/logo\/image\/\"},\"sameAs\":[\"https:\/\/www.facebook.com\/Teleprisma-SAS-104012264626964\/\"]}]}<\/script>\n<!-- \/ Yoast SEO plugin. -->","yoast_head_json":{"title":"Altavoz Bluetooth Aqua - ArtIculos Promocionales, Merchandising y Regalos Empresariales","robots":{"index":"index","follow":"follow","max-snippet":"max-snippet:-1","max-image-preview":"max-image-preview:large","max-video-preview":"max-video-preview:-1"},"canonical":"https:\/\/teleprismapromocionales.com.co\/?product=altavoz-bluetooth-aqua","og_locale":"es_ES","og_type":"article","og_title":"Altavoz Bluetooth Aqua - ArtIculos Promocionales, Merchandising y Regalos Empresariales","og_description":"Altavoz Bluetooth V3,0 + EDR, Frecuencia de transmisi\u00f3n: 2.4 g hz, fuente de alimentaci\u00f3n: DC 5V 100-120ma, bater\u00eda: 3.7v 400mAh de litio, tiempo de carga: aprox.3 horas, Tiempo de funcionamiento: aprox.6 horas. respuesta de frecuencia: 100 Hz-20kHz, salida: 3W, rango: hasta 10 mt. distorsi\u00f3n: u003c1.0%. Incluye cable de carga y chupa de succi\u00f3n. Resistente al [&hellip;]","og_url":"https:\/\/teleprismapromocionales.com.co\/?product=altavoz-bluetooth-aqua","og_site_name":"ArtIculos Promocionales, Merchandising y Regalos Empresariales","article_publisher":"https:\/\/www.facebook.com\/Teleprisma-SAS-104012264626964\/","article_modified_time":"2024-02-21T19:33:22+00:00","og_image":[{"width":660,"height":470,"url":"https:\/\/teleprismapromocionales.com.co\/wp-content\/uploads\/2024\/02\/TE0367_3031531_39807-thumbnail-660x470-80.jpg","type":"image\/jpeg"}],"twitter_card":"summary_large_image","twitter_misc":{"Tiempo de lectura":"1 minuto"},"schema":{"@context":"https:\/\/schema.org","@graph":[{"@type":"WebPage","@id":"https:\/\/teleprismapromocionales.com.co\/?product=altavoz-bluetooth-aqua","url":"https:\/\/teleprismapromocionales.com.co\/?product=altavoz-bluetooth-aqua","name":"Altavoz Bluetooth Aqua - ArtIculos Promocionales, Merchandising y Regalos Empresariales","isPartOf":{"@id":"https:\/\/teleprismapromocionales.com.co\/#website"},"primaryImageOfPage":{"@id":"https:\/\/teleprismapromocionales.com.co\/?product=altavoz-bluetooth-aqua#primaryimage"},"image":{"@id":"https:\/\/teleprismapromocionales.com.co\/?product=altavoz-bluetooth-aqua#primaryimage"},"thumbnailUrl":"https:\/\/teleprismapromocionales.com.co\/wp-content\/uploads\/2024\/02\/TE0367_3031531_39807-thumbnail-660x470-80.jpg","datePublished":"2024-02-21T19:33:21+00:00","dateModified":"2024-02-21T19:33:22+00:00","breadcrumb":{"@id":"https:\/\/teleprismapromocionales.com.co\/?product=altavoz-bluetooth-aqua#breadcrumb"},"inLanguage":"es-CO","potentialAction":[{"@type":"ReadAction","target":["https:\/\/teleprismapromocionales.com.co\/?product=altavoz-bluetooth-aqua"]}]},{"@type":"ImageObject","inLanguage":"es-CO","@id":"https:\/\/teleprismapromocionales.com.co\/?product=altavoz-bluetooth-aqua#primaryimage","url":"https:\/\/teleprismapromocionales.com.co\/wp-content\/uploads\/2024\/02\/TE0367_3031531_39807-thumbnail-660x470-80.jpg","contentUrl":"https:\/\/teleprismapromocionales.com.co\/wp-content\/uploads\/2024\/02\/TE0367_3031531_39807-thumbnail-660x470-80.jpg","width":660,"height":470},{"@type":"BreadcrumbList","@id":"https:\/\/teleprismapromocionales.com.co\/?product=altavoz-bluetooth-aqua#breadcrumb","itemListElement":[{"@type":"ListItem","position":1,"name":"Home","item":"https:\/\/teleprismapromocionales.com.co\/"},{"@type":"ListItem","position":2,"name":"Productos","item":"https:\/\/teleprismapromocionales.com.co\/?page_id=24"},{"@type":"ListItem","position":3,"name":"Altavoz Bluetooth Aqua"}]},{"@type":"WebSite","@id":"https:\/\/teleprismapromocionales.com.co\/#website","url":"https:\/\/teleprismapromocionales.com.co\/","name":"ArtIculos Promocionales, Merchandising y Regalos Empresariales","description":"Art\u00edculos Promocionales, Merchandising, ropa publicitaria, Dummies, Piezas POP, Regalos Empresariales e Impresi\u00f3n Digital y Litogr\u00e1fica","publisher":{"@id":"https:\/\/teleprismapromocionales.com.co\/#organization"},"potentialAction":[{"@type":"SearchAction","target":{"@type":"EntryPoint","urlTemplate":"https:\/\/teleprismapromocionales.com.co\/?s={search_term_string}"},"query-input":{"@type":"PropertyValueSpecification","valueRequired":true,"valueName":"search_term_string"}}],"inLanguage":"es-CO"},{"@type":"Organization","@id":"https:\/\/teleprismapromocionales.com.co\/#organization","name":"Teleprisma promocionales","url":"https:\/\/teleprismapromocionales.com.co\/","logo":{"@type":"ImageObject","inLanguage":"es-CO","@id":"https:\/\/teleprismapromocionales.com.co\/#\/schema\/logo\/image\/","url":"https:\/\/teleprismapromocionales.com\/wp-content\/uploads\/2019\/12\/logo.png","contentUrl":"https:\/\/teleprismapromocionales.com\/wp-content\/uploads\/2019\/12\/logo.png","width":202,"height":50,"caption":"Teleprisma promocionales"},"image":{"@id":"https:\/\/teleprismapromocionales.com.co\/#\/schema\/logo\/image\/"},"sameAs":["https:\/\/www.facebook.com\/Teleprisma-SAS-104012264626964\/"]}]}},"_links":{"self":[{"href":"https:\/\/teleprismapromocionales.com.co\/index.php?rest_route=\/wp\/v2\/product\/27648","targetHints":{"allow":["GET"]}}],"collection":[{"href":"https:\/\/teleprismapromocionales.com.co\/index.php?rest_route=\/wp\/v2\/product"}],"about":[{"href":"https:\/\/teleprismapromocionales.com.co\/index.php?rest_route=\/wp\/v2\/types\/product"}],"replies":[{"embeddable":true,"href":"https:\/\/teleprismapromocionales.com.co\/index.php?rest_route=%2Fwp%2Fv2%2Fcomments&post=27648"}],"wp:featuredmedia":[{"embeddable":true,"href":"https:\/\/teleprismapromocionales.com.co\/index.php?rest_route=\/wp\/v2\/media\/27650"}],"wp:attachment":[{"href":"https:\/\/teleprismapromocionales.com.co\/index.php?rest_route=%2Fwp%2Fv2%2Fmedia&parent=27648"}],"wp:term":[{"taxonomy":"product_brand","embeddable":true,"href":"https:\/\/teleprismapromocionales.com.co\/index.php?rest_route=%2Fwp%2Fv2%2Fproduct_brand&post=27648"},{"taxonomy":"product_cat","embeddable":true,"href":"https:\/\/teleprismapromocionales.com.co\/index.php?rest_route=%2Fwp%2Fv2%2Fproduct_cat&post=27648"},{"taxonomy":"product_tag","embeddable":true,"href":"https:\/\/teleprismapromocionales.com.co\/index.php?rest_route=%2Fwp%2Fv2%2Fproduct_tag&post=27648"}],"curies":[{"name":"wp","href":"https:\/\/api.w.org\/{rel}","templated":true}]}}