{"id":13049,"date":"2023-11-23T15:07:11","date_gmt":"2023-11-23T20:07:11","guid":{"rendered":"https:\/\/teleprismapromocionales.com\/?post_type=product&#038;p=13049"},"modified":"2023-11-23T15:07:12","modified_gmt":"2023-11-23T20:07:12","slug":"audifonos-bluetooth-shell","status":"publish","type":"product","link":"https:\/\/teleprismapromocionales.com.co\/?product=audifonos-bluetooth-shell","title":{"rendered":"Audifonos Bluetooth Shell"},"content":{"rendered":"<p>Pl\u00e1stico ABS. Aud\u00edfonos bluetooth con im\u00e1n, se conectan al celular de forma inal\u00e1mbrica. Funci\u00f3n t\u00e1ctil de encendido, apagado, avance, retroceso y pausa. Tambi\u00e9n permite responder, rechazar o finalizar una llamada. Estuche con indicador luminoso que permite cargar la bater\u00eda de los audifonos. Capacidad de carga: 200 mAh. Capacidad de bater\u00eda de litio por auricular: 30 mAh. Bluetooth V5.0. Rango de alcance: 10 metros. Tiempo de reproduccion aut\u00f3nomo: 3h aprox. Tiempo de carga de la bater\u00eda: 2h. Cable de carga USB tipo C<\/p>\n","protected":false},"excerpt":{"rendered":"<p>Pl\u00e1stico ABS. Aud\u00edfonos bluetooth con im\u00e1n, se conectan al celular de forma inal\u00e1mbrica. Funci\u00f3n t\u00e1ctil de encendido, apagado, avance, retroceso y pausa. Tambi\u00e9n permite responder, rechazar o finalizar una llamada. Estuche con indicador luminoso que permite cargar la bater\u00eda de los audifonos. Capacidad de carga: 200 mAh. Capacidad de bater\u00eda de litio por auricular: 30 [&hellip;]<\/p>\n","protected":false},"featured_media":13050,"comment_status":"open","ping_status":"closed","template":"","meta":[],"product_brand":[],"product_cat":[139],"product_tag":[],"class_list":{"0":"post-13049","1":"product","2":"type-product","3":"status-publish","4":"has-post-thumbnail","6":"product_cat-audifonos","8":"first","9":"instock","10":"shipping-taxable","11":"product-type-simple"},"yoast_head":"<!-- This site is optimized with the Yoast SEO plugin v25.7 - https:\/\/yoast.com\/wordpress\/plugins\/seo\/ -->\n<title>Audifonos Bluetooth Shell - ArtIculos Promocionales, Merchandising y Regalos Empresariales<\/title>\n<meta name=\"robots\" content=\"index, follow, max-snippet:-1, max-image-preview:large, max-video-preview:-1\" \/>\n<link rel=\"canonical\" href=\"https:\/\/teleprismapromocionales.com.co\/?product=audifonos-bluetooth-shell\" \/>\n<meta property=\"og:locale\" content=\"es_ES\" \/>\n<meta property=\"og:type\" content=\"article\" \/>\n<meta property=\"og:title\" content=\"Audifonos Bluetooth Shell - ArtIculos Promocionales, Merchandising y Regalos Empresariales\" \/>\n<meta property=\"og:description\" content=\"Pl\u00e1stico ABS. Aud\u00edfonos bluetooth con im\u00e1n, se conectan al celular de forma inal\u00e1mbrica. Funci\u00f3n t\u00e1ctil de encendido, apagado, avance, retroceso y pausa. Tambi\u00e9n permite responder, rechazar o finalizar una llamada. Estuche con indicador luminoso que permite cargar la bater\u00eda de los audifonos. Capacidad de carga: 200 mAh. Capacidad de bater\u00eda de litio por auricular: 30 [&hellip;]\" \/>\n<meta property=\"og:url\" content=\"https:\/\/teleprismapromocionales.com.co\/?product=audifonos-bluetooth-shell\" \/>\n<meta property=\"og:site_name\" content=\"ArtIculos Promocionales, Merchandising y Regalos Empresariales\" \/>\n<meta property=\"article:publisher\" content=\"https:\/\/www.facebook.com\/Teleprisma-SAS-104012264626964\/\" \/>\n<meta property=\"article:modified_time\" content=\"2023-11-23T20:07:12+00:00\" \/>\n<meta property=\"og:image\" content=\"https:\/\/teleprismapromocionales.com.co\/wp-content\/uploads\/2023\/11\/alt_promocional_publicitario_auriculares_Bluetooth_EC756_3.jpg\" \/>\n\t<meta property=\"og:image:width\" content=\"600\" \/>\n\t<meta property=\"og:image:height\" content=\"700\" \/>\n\t<meta property=\"og:image:type\" content=\"image\/jpeg\" \/>\n<meta name=\"twitter:card\" content=\"summary_large_image\" \/>\n<meta name=\"twitter:label1\" content=\"Tiempo de lectura\" \/>\n\t<meta name=\"twitter:data1\" content=\"1 minuto\" \/>\n<script type=\"application\/ld+json\" class=\"yoast-schema-graph\">{\"@context\":\"https:\/\/schema.org\",\"@graph\":[{\"@type\":\"WebPage\",\"@id\":\"https:\/\/teleprismapromocionales.com.co\/?product=audifonos-bluetooth-shell\",\"url\":\"https:\/\/teleprismapromocionales.com.co\/?product=audifonos-bluetooth-shell\",\"name\":\"Audifonos Bluetooth Shell - ArtIculos Promocionales, Merchandising y Regalos Empresariales\",\"isPartOf\":{\"@id\":\"https:\/\/teleprismapromocionales.com.co\/#website\"},\"primaryImageOfPage\":{\"@id\":\"https:\/\/teleprismapromocionales.com.co\/?product=audifonos-bluetooth-shell#primaryimage\"},\"image\":{\"@id\":\"https:\/\/teleprismapromocionales.com.co\/?product=audifonos-bluetooth-shell#primaryimage\"},\"thumbnailUrl\":\"https:\/\/teleprismapromocionales.com.co\/wp-content\/uploads\/2023\/11\/alt_promocional_publicitario_auriculares_Bluetooth_EC756_3.jpg\",\"datePublished\":\"2023-11-23T20:07:11+00:00\",\"dateModified\":\"2023-11-23T20:07:12+00:00\",\"breadcrumb\":{\"@id\":\"https:\/\/teleprismapromocionales.com.co\/?product=audifonos-bluetooth-shell#breadcrumb\"},\"inLanguage\":\"es-CO\",\"potentialAction\":[{\"@type\":\"ReadAction\",\"target\":[\"https:\/\/teleprismapromocionales.com.co\/?product=audifonos-bluetooth-shell\"]}]},{\"@type\":\"ImageObject\",\"inLanguage\":\"es-CO\",\"@id\":\"https:\/\/teleprismapromocionales.com.co\/?product=audifonos-bluetooth-shell#primaryimage\",\"url\":\"https:\/\/teleprismapromocionales.com.co\/wp-content\/uploads\/2023\/11\/alt_promocional_publicitario_auriculares_Bluetooth_EC756_3.jpg\",\"contentUrl\":\"https:\/\/teleprismapromocionales.com.co\/wp-content\/uploads\/2023\/11\/alt_promocional_publicitario_auriculares_Bluetooth_EC756_3.jpg\",\"width\":600,\"height\":700},{\"@type\":\"BreadcrumbList\",\"@id\":\"https:\/\/teleprismapromocionales.com.co\/?product=audifonos-bluetooth-shell#breadcrumb\",\"itemListElement\":[{\"@type\":\"ListItem\",\"position\":1,\"name\":\"Home\",\"item\":\"https:\/\/teleprismapromocionales.com.co\/\"},{\"@type\":\"ListItem\",\"position\":2,\"name\":\"Productos\",\"item\":\"https:\/\/teleprismapromocionales.com.co\/?page_id=24\"},{\"@type\":\"ListItem\",\"position\":3,\"name\":\"Audifonos Bluetooth Shell\"}]},{\"@type\":\"WebSite\",\"@id\":\"https:\/\/teleprismapromocionales.com.co\/#website\",\"url\":\"https:\/\/teleprismapromocionales.com.co\/\",\"name\":\"ArtIculos Promocionales, Merchandising y Regalos Empresariales\",\"description\":\"Art\u00edculos Promocionales, Merchandising, ropa publicitaria, Dummies, Piezas POP, Regalos Empresariales e Impresi\u00f3n Digital y Litogr\u00e1fica\",\"publisher\":{\"@id\":\"https:\/\/teleprismapromocionales.com.co\/#organization\"},\"potentialAction\":[{\"@type\":\"SearchAction\",\"target\":{\"@type\":\"EntryPoint\",\"urlTemplate\":\"https:\/\/teleprismapromocionales.com.co\/?s={search_term_string}\"},\"query-input\":{\"@type\":\"PropertyValueSpecification\",\"valueRequired\":true,\"valueName\":\"search_term_string\"}}],\"inLanguage\":\"es-CO\"},{\"@type\":\"Organization\",\"@id\":\"https:\/\/teleprismapromocionales.com.co\/#organization\",\"name\":\"Teleprisma promocionales\",\"url\":\"https:\/\/teleprismapromocionales.com.co\/\",\"logo\":{\"@type\":\"ImageObject\",\"inLanguage\":\"es-CO\",\"@id\":\"https:\/\/teleprismapromocionales.com.co\/#\/schema\/logo\/image\/\",\"url\":\"https:\/\/teleprismapromocionales.com\/wp-content\/uploads\/2019\/12\/logo.png\",\"contentUrl\":\"https:\/\/teleprismapromocionales.com\/wp-content\/uploads\/2019\/12\/logo.png\",\"width\":202,\"height\":50,\"caption\":\"Teleprisma promocionales\"},\"image\":{\"@id\":\"https:\/\/teleprismapromocionales.com.co\/#\/schema\/logo\/image\/\"},\"sameAs\":[\"https:\/\/www.facebook.com\/Teleprisma-SAS-104012264626964\/\"]}]}<\/script>\n<!-- \/ Yoast SEO plugin. -->","yoast_head_json":{"title":"Audifonos Bluetooth Shell - ArtIculos Promocionales, Merchandising y Regalos Empresariales","robots":{"index":"index","follow":"follow","max-snippet":"max-snippet:-1","max-image-preview":"max-image-preview:large","max-video-preview":"max-video-preview:-1"},"canonical":"https:\/\/teleprismapromocionales.com.co\/?product=audifonos-bluetooth-shell","og_locale":"es_ES","og_type":"article","og_title":"Audifonos Bluetooth Shell - ArtIculos Promocionales, Merchandising y Regalos Empresariales","og_description":"Pl\u00e1stico ABS. Aud\u00edfonos bluetooth con im\u00e1n, se conectan al celular de forma inal\u00e1mbrica. Funci\u00f3n t\u00e1ctil de encendido, apagado, avance, retroceso y pausa. Tambi\u00e9n permite responder, rechazar o finalizar una llamada. Estuche con indicador luminoso que permite cargar la bater\u00eda de los audifonos. Capacidad de carga: 200 mAh. Capacidad de bater\u00eda de litio por auricular: 30 [&hellip;]","og_url":"https:\/\/teleprismapromocionales.com.co\/?product=audifonos-bluetooth-shell","og_site_name":"ArtIculos Promocionales, Merchandising y Regalos Empresariales","article_publisher":"https:\/\/www.facebook.com\/Teleprisma-SAS-104012264626964\/","article_modified_time":"2023-11-23T20:07:12+00:00","og_image":[{"width":600,"height":700,"url":"https:\/\/teleprismapromocionales.com.co\/wp-content\/uploads\/2023\/11\/alt_promocional_publicitario_auriculares_Bluetooth_EC756_3.jpg","type":"image\/jpeg"}],"twitter_card":"summary_large_image","twitter_misc":{"Tiempo de lectura":"1 minuto"},"schema":{"@context":"https:\/\/schema.org","@graph":[{"@type":"WebPage","@id":"https:\/\/teleprismapromocionales.com.co\/?product=audifonos-bluetooth-shell","url":"https:\/\/teleprismapromocionales.com.co\/?product=audifonos-bluetooth-shell","name":"Audifonos Bluetooth Shell - ArtIculos Promocionales, Merchandising y Regalos Empresariales","isPartOf":{"@id":"https:\/\/teleprismapromocionales.com.co\/#website"},"primaryImageOfPage":{"@id":"https:\/\/teleprismapromocionales.com.co\/?product=audifonos-bluetooth-shell#primaryimage"},"image":{"@id":"https:\/\/teleprismapromocionales.com.co\/?product=audifonos-bluetooth-shell#primaryimage"},"thumbnailUrl":"https:\/\/teleprismapromocionales.com.co\/wp-content\/uploads\/2023\/11\/alt_promocional_publicitario_auriculares_Bluetooth_EC756_3.jpg","datePublished":"2023-11-23T20:07:11+00:00","dateModified":"2023-11-23T20:07:12+00:00","breadcrumb":{"@id":"https:\/\/teleprismapromocionales.com.co\/?product=audifonos-bluetooth-shell#breadcrumb"},"inLanguage":"es-CO","potentialAction":[{"@type":"ReadAction","target":["https:\/\/teleprismapromocionales.com.co\/?product=audifonos-bluetooth-shell"]}]},{"@type":"ImageObject","inLanguage":"es-CO","@id":"https:\/\/teleprismapromocionales.com.co\/?product=audifonos-bluetooth-shell#primaryimage","url":"https:\/\/teleprismapromocionales.com.co\/wp-content\/uploads\/2023\/11\/alt_promocional_publicitario_auriculares_Bluetooth_EC756_3.jpg","contentUrl":"https:\/\/teleprismapromocionales.com.co\/wp-content\/uploads\/2023\/11\/alt_promocional_publicitario_auriculares_Bluetooth_EC756_3.jpg","width":600,"height":700},{"@type":"BreadcrumbList","@id":"https:\/\/teleprismapromocionales.com.co\/?product=audifonos-bluetooth-shell#breadcrumb","itemListElement":[{"@type":"ListItem","position":1,"name":"Home","item":"https:\/\/teleprismapromocionales.com.co\/"},{"@type":"ListItem","position":2,"name":"Productos","item":"https:\/\/teleprismapromocionales.com.co\/?page_id=24"},{"@type":"ListItem","position":3,"name":"Audifonos Bluetooth Shell"}]},{"@type":"WebSite","@id":"https:\/\/teleprismapromocionales.com.co\/#website","url":"https:\/\/teleprismapromocionales.com.co\/","name":"ArtIculos Promocionales, Merchandising y Regalos Empresariales","description":"Art\u00edculos Promocionales, Merchandising, ropa publicitaria, Dummies, Piezas POP, Regalos Empresariales e Impresi\u00f3n Digital y Litogr\u00e1fica","publisher":{"@id":"https:\/\/teleprismapromocionales.com.co\/#organization"},"potentialAction":[{"@type":"SearchAction","target":{"@type":"EntryPoint","urlTemplate":"https:\/\/teleprismapromocionales.com.co\/?s={search_term_string}"},"query-input":{"@type":"PropertyValueSpecification","valueRequired":true,"valueName":"search_term_string"}}],"inLanguage":"es-CO"},{"@type":"Organization","@id":"https:\/\/teleprismapromocionales.com.co\/#organization","name":"Teleprisma promocionales","url":"https:\/\/teleprismapromocionales.com.co\/","logo":{"@type":"ImageObject","inLanguage":"es-CO","@id":"https:\/\/teleprismapromocionales.com.co\/#\/schema\/logo\/image\/","url":"https:\/\/teleprismapromocionales.com\/wp-content\/uploads\/2019\/12\/logo.png","contentUrl":"https:\/\/teleprismapromocionales.com\/wp-content\/uploads\/2019\/12\/logo.png","width":202,"height":50,"caption":"Teleprisma promocionales"},"image":{"@id":"https:\/\/teleprismapromocionales.com.co\/#\/schema\/logo\/image\/"},"sameAs":["https:\/\/www.facebook.com\/Teleprisma-SAS-104012264626964\/"]}]}},"_links":{"self":[{"href":"https:\/\/teleprismapromocionales.com.co\/index.php?rest_route=\/wp\/v2\/product\/13049","targetHints":{"allow":["GET"]}}],"collection":[{"href":"https:\/\/teleprismapromocionales.com.co\/index.php?rest_route=\/wp\/v2\/product"}],"about":[{"href":"https:\/\/teleprismapromocionales.com.co\/index.php?rest_route=\/wp\/v2\/types\/product"}],"replies":[{"embeddable":true,"href":"https:\/\/teleprismapromocionales.com.co\/index.php?rest_route=%2Fwp%2Fv2%2Fcomments&post=13049"}],"wp:featuredmedia":[{"embeddable":true,"href":"https:\/\/teleprismapromocionales.com.co\/index.php?rest_route=\/wp\/v2\/media\/13050"}],"wp:attachment":[{"href":"https:\/\/teleprismapromocionales.com.co\/index.php?rest_route=%2Fwp%2Fv2%2Fmedia&parent=13049"}],"wp:term":[{"taxonomy":"product_brand","embeddable":true,"href":"https:\/\/teleprismapromocionales.com.co\/index.php?rest_route=%2Fwp%2Fv2%2Fproduct_brand&post=13049"},{"taxonomy":"product_cat","embeddable":true,"href":"https:\/\/teleprismapromocionales.com.co\/index.php?rest_route=%2Fwp%2Fv2%2Fproduct_cat&post=13049"},{"taxonomy":"product_tag","embeddable":true,"href":"https:\/\/teleprismapromocionales.com.co\/index.php?rest_route=%2Fwp%2Fv2%2Fproduct_tag&post=13049"}],"curies":[{"name":"wp","href":"https:\/\/api.w.org\/{rel}","templated":true}]}}